{"id":474,"date":"2023-03-16T11:09:53","date_gmt":"2023-03-16T10:09:53","guid":{"rendered":"http:\/\/www.longlaville.fr\/?page_id=474"},"modified":"2023-03-16T11:13:42","modified_gmt":"2023-03-16T10:13:42","slug":"sentier-cyclo-pedestre","status":"publish","type":"page","link":"https:\/\/www.longlaville.fr\/?page_id=474","title":{"rendered":"Sentier cyclo-p\u00e9destre"},"content":{"rendered":"<p>[et_pb_section fb_built=&#8221;1&#8243; _builder_version=&#8221;4.18.0&#8243; _module_preset=&#8221;default&#8221; custom_padding=&#8221;150px|||||&#8221; global_colors_info=&#8221;{}&#8221;][et_pb_row _builder_version=&#8221;4.18.0&#8243; _module_preset=&#8221;default&#8221; global_colors_info=&#8221;{}&#8221;][et_pb_column type=&#8221;4_4&#8243; _builder_version=&#8221;4.18.0&#8243; _module_preset=&#8221;default&#8221; global_colors_info=&#8221;{}&#8221;][et_pb_text _builder_version=&#8221;4.18.0&#8243; _module_preset=&#8221;default&#8221; custom_margin=&#8221;||0px||false|false&#8221; global_colors_info=&#8221;{}&#8221;]<\/p>\n<h1>Sentier cyclo-p\u00e9destre<\/h1>\n<p>[\/et_pb_text][et_pb_divider color=&#8221;#006D7B&#8221; divider_weight=&#8221;6px&#8221; _builder_version=&#8221;4.18.0&#8243; _module_preset=&#8221;default&#8221; custom_margin=&#8221;0px||||false|false&#8221; global_colors_info=&#8221;{}&#8221;][\/et_pb_divider][et_pb_text _builder_version=&#8221;4.19.0&#8243; _module_preset=&#8221;default&#8221; global_colors_info=&#8221;{}&#8221;]<\/p>\n<p><strong>\u00c0 pied, \u00e0 v\u00e9lo, en rollers, par la route, en transports en commun&#8230; tous les moyens sont bons pour ve\u00adnir \u00e0 Longlaville !<\/strong><strong><\/strong><\/p>\n<p>[\/et_pb_text][et_pb_image src=&#8221;http:\/\/www.longlaville.fr\/wp-content\/uploads\/2023\/03\/Sentier_de_randonnee_2022.png&#8221; _builder_version=&#8221;4.19.0&#8243; _module_preset=&#8221;default&#8221; title_text=&#8221;Sentier_de_randonnee_2022&#8243; force_fullwidth=&#8221;on&#8221; hover_enabled=&#8221;0&#8243; sticky_enabled=&#8221;0&#8243;][\/et_pb_image][et_pb_text _builder_version=&#8221;4.19.0&#8243; _module_preset=&#8221;default&#8221; hover_enabled=&#8221;0&#8243; global_colors_info=&#8221;{}&#8221; sticky_enabled=&#8221;0&#8243;]<\/p>\n<h3><strong>PAR LA ROUTE<br \/><\/strong><\/h3>\n<p><strong>Depuis Longwy\u00a0: <\/strong>5 min,(3,4 km) via rue de la Chiers<strong><br \/>Depuis Metz\u00a0: <\/strong>49\u00a0min\u00a0(64,9\u00a0km)\u00a0via A31 et A30<strong><br \/>Depuis Nancy\u00a0: <\/strong>1\u00a0h 28\u00a0min\u00a0(119,1\u00a0km)\u00a0via A31<strong><br \/>Depuis Luxembourg\u00a0: <\/strong>52\u00a0min\u00a0(55,8\u00a0km)\u00a0via CR102<strong><br \/><\/strong><strong><\/strong><\/p>\n<p>[\/et_pb_text][\/et_pb_column][\/et_pb_row][\/et_pb_section]<\/p>\n","protected":false},"excerpt":{"rendered":"<p>Sentier cyclo-p\u00e9destre\u00c0 pied, \u00e0 v\u00e9lo, en rollers, par la route, en transports en commun&#8230; tous les moyens sont bons pour ve\u00adnir \u00e0 Longlaville !PAR LA ROUTE Depuis Longwy\u00a0: 5 min,(3,4 km) via rue de la ChiersDepuis Metz\u00a0: 49\u00a0min\u00a0(64,9\u00a0km)\u00a0via A31 et A30Depuis Nancy\u00a0: 1\u00a0h 28\u00a0min\u00a0(119,1\u00a0km)\u00a0via A31Depuis Luxembourg\u00a0: 52\u00a0min\u00a0(55,8\u00a0km)\u00a0via CR102<\/p>\n","protected":false},"author":2,"featured_media":0,"parent":0,"menu_order":0,"comment_status":"closed","ping_status":"closed","template":"","meta":{"_et_pb_use_builder":"on","_et_pb_old_content":"<!-- wp:divi\/placeholder \/-->","_et_gb_content_width":"","footnotes":""},"class_list":["post-474","page","type-page","status-publish","hentry"],"_links":{"self":[{"href":"https:\/\/www.longlaville.fr\/index.php?rest_route=\/wp\/v2\/pages\/474","targetHints":{"allow":["GET"]}}],"collection":[{"href":"https:\/\/www.longlaville.fr\/index.php?rest_route=\/wp\/v2\/pages"}],"about":[{"href":"https:\/\/www.longlaville.fr\/index.php?rest_route=\/wp\/v2\/types\/page"}],"author":[{"embeddable":true,"href":"https:\/\/www.longlaville.fr\/index.php?rest_route=\/wp\/v2\/users\/2"}],"replies":[{"embeddable":true,"href":"https:\/\/www.longlaville.fr\/index.php?rest_route=%2Fwp%2Fv2%2Fcomments&post=474"}],"version-history":[{"count":3,"href":"https:\/\/www.longlaville.fr\/index.php?rest_route=\/wp\/v2\/pages\/474\/revisions"}],"predecessor-version":[{"id":480,"href":"https:\/\/www.longlaville.fr\/index.php?rest_route=\/wp\/v2\/pages\/474\/revisions\/480"}],"wp:attachment":[{"href":"https:\/\/www.longlaville.fr\/index.php?rest_route=%2Fwp%2Fv2%2Fmedia&parent=474"}],"curies":[{"name":"wp","href":"https:\/\/api.w.org\/{rel}","templated":true}]}}