{"id":43,"date":"2022-10-12T09:33:55","date_gmt":"2022-10-12T07:33:55","guid":{"rendered":"http:\/\/longlaa.cluster030.hosting.ovh.net\/bf229748-ovh\/index.php\/quotidien\/ecoles-et-college\/"},"modified":"2023-03-20T09:55:19","modified_gmt":"2023-03-20T08:55:19","slug":"ecoles-et-college","status":"publish","type":"page","link":"https:\/\/www.longlaville.fr\/?page_id=43","title":{"rendered":"Ecoles et coll\u00e8ge\u2028"},"content":{"rendered":"<p>[et_pb_section fb_built=&#8221;1&#8243; _builder_version=&#8221;4.18.0&#8243; _module_preset=&#8221;default&#8221; custom_padding=&#8221;150px|||||&#8221; global_colors_info=&#8221;{}&#8221;][et_pb_row _builder_version=&#8221;4.18.0&#8243; _module_preset=&#8221;default&#8221; global_colors_info=&#8221;{}&#8221;][et_pb_column type=&#8221;4_4&#8243; _builder_version=&#8221;4.18.0&#8243; _module_preset=&#8221;default&#8221; global_colors_info=&#8221;{}&#8221;][et_pb_text _builder_version=&#8221;4.18.0&#8243; _module_preset=&#8221;default&#8221; custom_margin=&#8221;||0px||false|false&#8221; global_colors_info=&#8221;{}&#8221;]<\/p>\n<h1>Enfance, scolarit\u00e9 &amp; p\u00e9riscolaire<\/h1>\n<p>[\/et_pb_text][et_pb_divider color=&#8221;#006D7B&#8221; divider_weight=&#8221;6px&#8221; _builder_version=&#8221;4.18.0&#8243; _module_preset=&#8221;default&#8221; custom_margin=&#8221;0px||||false|false&#8221; global_colors_info=&#8221;{}&#8221;][\/et_pb_divider][et_pb_toggle title=&#8221;Enfance&#8221; closed_toggle_background_color=&#8221;rgba(0,109,123,0.1)&#8221; icon_color=&#8221;#006D7B&#8221; toggle_icon=&#8221;&#xe04c;||divi||400&#8243; open_icon_color=&#8221;#006D7B&#8221; open_toggle_icon=&#8221;&#xe04b;||divi||400&#8243; _builder_version=&#8221;4.19.0&#8243; _module_preset=&#8221;default&#8221; title_text_color=&#8221;#006D7B&#8221; title_level=&#8221;h4&#8243; title_font=&#8221;|||on|||||&#8221; border_width_all=&#8221;0px&#8221; border_color_all=&#8221;RGBA(255,255,255,0)&#8221; global_colors_info=&#8221;{}&#8221;]<\/p>\n<p><span style=\"text-decoration: underline;\"><img loading=\"lazy\" decoding=\"async\" src=\"http:\/\/www.longlaville.fr\/wp-content\/uploads\/2023\/03\/pommedapi-300x200.png\" alt=\"\" class=\"wp-image-385 alignnone size-medium\" width=\"300\" height=\"200\" \/><br \/>\u2022<strong> Cr\u00e8che Multi-Accueil Pomme d&#8217;Api<br \/><\/strong><\/span><\/p>\n<p>Gestion par Association U2AF &#8211; 54<br \/>28 Place du 24 Juillet 1897 54810 Longlaville<br \/>T\u00e9l. : 03 82 23 85 26<br \/><strong><a href=\"https:\/\/multi-accueil-pomme-dapi.meeko.site\/accueil\">Site internet<\/a><\/strong><\/p>\n<p>[\/et_pb_toggle][et_pb_toggle title=&#8221;\u00e9coles&#8221; closed_toggle_background_color=&#8221;rgba(0,109,123,0.1)&#8221; icon_color=&#8221;#006D7B&#8221; toggle_icon=&#8221;&#xe04c;||divi||400&#8243; open_icon_color=&#8221;#006D7B&#8221; open_toggle_icon=&#8221;&#xe04b;||divi||400&#8243; _builder_version=&#8221;4.19.0&#8243; _module_preset=&#8221;default&#8221; title_text_color=&#8221;#006D7B&#8221; title_level=&#8221;h4&#8243; title_font=&#8221;|||on|||||&#8221; border_width_all=&#8221;0px&#8221; border_color_all=&#8221;RGBA(255,255,255,0)&#8221; global_colors_info=&#8221;{}&#8221;]<\/p>\n<p><span style=\"text-decoration: underline;\">\u00a0<img loading=\"lazy\" decoding=\"async\" src=\"http:\/\/www.longlaville.fr\/wp-content\/uploads\/2023\/03\/Joliotcurie-300x169.png\" alt=\"\" class=\"wp-image-390 alignnone size-medium\" width=\"300\" height=\"169\" \/><br \/>\u2022<strong> Maternelle<\/strong><\/span><\/p>\n<p><strong>Ecole maternelle Joliot CURIE<\/strong><br \/>2 Rue Ren\u00e9 Picard 54810 Longlaville, T\u00e9l\u00a0: 03 82 24 16 18<\/p>\n<p><span style=\"text-decoration: underline;\"><img loading=\"lazy\" decoding=\"async\" src=\"http:\/\/www.longlaville.fr\/wp-content\/uploads\/2023\/03\/Pesquet-300x169.png\" alt=\"\" class=\"wp-image-391 alignnone size-medium\" width=\"300\" height=\"169\" \/><br \/>\u2022<strong> Primaire<\/strong><\/span><\/p>\n<p><strong>Ecole primaire Thomas PESQUET<\/strong><br \/>26 rue Ren\u00e9 Getti 54810 Longlaville, T\u00e9l. : 03 82 24 34 91<br \/><strong><a href=\"https:\/\/www.education.gouv.fr\/annuaire\/54810\/longlaville\/ecole\/0542192p\/ecole-elementaire-thomas-pesquet.html\">Site internet<\/a><\/strong><\/p>\n<p>[\/et_pb_toggle][et_pb_toggle title=&#8221;Coll\u00e8ge&#8221; closed_toggle_background_color=&#8221;rgba(0,109,123,0.1)&#8221; icon_color=&#8221;#006D7B&#8221; toggle_icon=&#8221;&#xe04c;||divi||400&#8243; open_icon_color=&#8221;#006D7B&#8221; open_toggle_icon=&#8221;&#xe04b;||divi||400&#8243; _builder_version=&#8221;4.19.0&#8243; _module_preset=&#8221;default&#8221; title_text_color=&#8221;#006D7B&#8221; title_level=&#8221;h4&#8243; title_font=&#8221;|||on|||||&#8221; border_width_all=&#8221;0px&#8221; border_color_all=&#8221;RGBA(255,255,255,0)&#8221; global_colors_info=&#8221;{}&#8221;]<\/p>\n<p><strong><img loading=\"lazy\" decoding=\"async\" src=\"http:\/\/www.longlaville.fr\/wp-content\/uploads\/2023\/03\/Bera-300x200.png\" alt=\"\" class=\"wp-image-389 alignnone size-medium\" width=\"300\" height=\"200\" \/><br \/>Coll\u00e8ge L\u00e9odile BERA<br \/><\/strong>1 Rue du Stade, 54810 Longlaville T\u00e9l. : 03 82 39 54 00<br \/><a href=\"https:\/\/clg-bera.monbureaunumerique.fr\/\"><strong>Site Internet<\/strong><\/a><\/p>\n<p>[\/et_pb_toggle][et_pb_toggle title=&#8221;Lyc\u00e9e&#8221; closed_toggle_background_color=&#8221;rgba(0,109,123,0.1)&#8221; icon_color=&#8221;#006D7B&#8221; toggle_icon=&#8221;&#xe04c;||divi||400&#8243; open_icon_color=&#8221;#006D7B&#8221; open_toggle_icon=&#8221;&#xe04b;||divi||400&#8243; _builder_version=&#8221;4.19.0&#8243; _module_preset=&#8221;default&#8221; title_text_color=&#8221;#006D7B&#8221; title_level=&#8221;h4&#8243; title_font=&#8221;|||on|||||&#8221; border_width_all=&#8221;0px&#8221; border_color_all=&#8221;RGBA(255,255,255,0)&#8221; global_colors_info=&#8221;{}&#8221;]<\/p>\n<p><strong>Lyc\u00e9e Professionnel Jean Marc REISER<br \/><\/strong> 1 Rue du Stade, 54810 Longlaville T\u00e9l. : 03 82 25 94 20<br \/><strong><a href=\"https:\/\/lyc-reiser.monbureaunumerique.fr\/\">Site Internet<\/a><\/strong><\/p>\n<p>[\/et_pb_toggle][et_pb_toggle title=&#8221;P\u00e9riscolaire&#8221; closed_toggle_background_color=&#8221;rgba(0,109,123,0.1)&#8221; icon_color=&#8221;#006D7B&#8221; toggle_icon=&#8221;&#xe04c;||divi||400&#8243; open_icon_color=&#8221;#006D7B&#8221; open_toggle_icon=&#8221;&#xe04b;||divi||400&#8243; _builder_version=&#8221;4.19.0&#8243; _module_preset=&#8221;default&#8221; title_text_color=&#8221;#006D7B&#8221; title_level=&#8221;h4&#8243; title_font=&#8221;|||on|||||&#8221; border_width_all=&#8221;0px&#8221; border_color_all=&#8221;RGBA(255,255,255,0)&#8221; global_colors_info=&#8221;{}&#8221;]<\/p>\n<p><span style=\"font-family: inherit;\"><strong>ACCUEIL P\u00c9RISCOLAIRE, MERCREDIS R\u00c9CR\u00c9ATIFS, CENTRE DE LOISIRS<\/strong><\/span><br \/><span style=\"font-family: inherit;\"><strong><\/strong><\/span><\/p>\n<p><span style=\"font-family: inherit;\"><strong><img loading=\"lazy\" decoding=\"async\" src=\"http:\/\/www.longlaville.fr\/wp-content\/uploads\/2023\/03\/chantalfabbri-300x200.png\" alt=\"\" class=\"wp-image-394 alignnone size-medium\" width=\"300\" height=\"200\" \/><\/strong><\/span><\/p>\n<p><span style=\"font-family: inherit;\"><strong>Maison de l\u2019Enfance Chantal FABBRI<\/strong><\/span><br \/><span style=\"font-family: inherit;\">6 rue du 8 mai 1945, 54810 Longlaville T\u00e9l.\u00a0: 03 82 24 14 33<\/span><br \/><span style=\"font-family: inherit;\">Mail\u00a0: <a href=\"mailto:contact-mdle@longlaville.fr\">contact-mdle@longlaville.fr<\/a><\/span><br \/><span style=\"font-family: inherit;\"><strong><a href=\"https:\/\/www.facebook.com\/maisondelenfance.fabbri\">Facebook : Maison de l\u2019Enfance Fabbri<\/a><\/strong><\/span><br \/><span style=\"font-family: inherit;\"><strong><\/strong><\/span><\/p>\n<p>&nbsp;<\/p>\n<p>[\/et_pb_toggle][et_pb_toggle title=&#8221;service jeunesse&#8221; closed_toggle_background_color=&#8221;rgba(0,109,123,0.1)&#8221; icon_color=&#8221;#006D7B&#8221; toggle_icon=&#8221;&#xe04c;||divi||400&#8243; open_icon_color=&#8221;#006D7B&#8221; open_toggle_icon=&#8221;&#xe04b;||divi||400&#8243; _builder_version=&#8221;4.19.0&#8243; _module_preset=&#8221;default&#8221; title_text_color=&#8221;#006D7B&#8221; title_level=&#8221;h4&#8243; title_font=&#8221;|||on|||||&#8221; border_width_all=&#8221;0px&#8221; border_color_all=&#8221;RGBA(255,255,255,0)&#8221; global_colors_info=&#8221;{}&#8221;]<\/p>\n<p><strong><img loading=\"lazy\" decoding=\"async\" src=\"http:\/\/www.longlaville.fr\/wp-content\/uploads\/2023\/03\/service-jeunesse-300x169.png\" alt=\"\" class=\"wp-image-402 alignnone size-medium\" width=\"300\" height=\"169\" \/><\/strong><\/p>\n<p>6 Rue Jean Jaur\u00e8s, 54810 Longlaville<br \/>T\u00e9l. : 03 82 39 06 69<br \/>Mail : <a href=\"mailto:service.sport.longlaville@gmail.com\">service.sport.longlaville@gmail.com<\/a><br \/><strong><a href=\"https:\/\/www.facebook.com\/espace.jeunesse.399\">Facebook<\/a><\/strong><\/p>\n<p>&nbsp;<\/p>\n<p style=\"margin-bottom: 0cm; page-break-before: always;\" align=\"CENTER\"><span style=\"font-family: inherit; font-weight: normal;\"><span style=\"font-size: medium;\"><u><b>HORAIRES ET TARIFS SERVICE JEUNESSE (12-20 ans)<\/b><\/u><\/span><\/span><\/p>\n<p style=\"margin-bottom: 0cm; line-height: 100%; widows: 0; orphans: 0;\" align=\"CENTER\">\n<p>&nbsp;<\/p>\n<p><center><\/p>\n<table dir=\"LTR\" style=\"width: 100%;\" width=\"100%\" cellspacing=\"0\" cellpadding=\"8\" bordercolor=\"#000000\" border=\"1\">\n<tbody>\n<tr>\n<td colspan=\"2\" width=\"435\" valign=\"TOP\">\n<p style=\"widows: 0; orphans: 0;\" align=\"CENTER\"><span style=\"font-family: inherit; font-weight: normal;\"><span style=\"font-size: medium;\"><b>P\u00e9riodes scolaires<\/b><\/span><\/span><\/p>\n<\/td>\n<\/tr>\n<tr valign=\"TOP\">\n<td width=\"209\">\n<p style=\"widows: 0; orphans: 0;\"><span style=\"font-family: inherit; font-weight: normal;\"><span style=\"font-size: medium;\">Mardi\u00a0: 17h00-19h00<\/span><\/span><\/p>\n<\/td>\n<td rowspan=\"5\" width=\"210\">\n<p style=\"widows: 0; orphans: 0;\"><span style=\"font-family: inherit; font-weight: normal;\"><span style=\"font-size: medium;\">Adh\u00e9sion de 10 euros\/an<\/span><\/span><\/p>\n<\/td>\n<\/tr>\n<tr valign=\"TOP\">\n<td width=\"209\">\n<p style=\"widows: 0; orphans: 0;\"><span style=\"font-family: inherit; font-weight: normal;\"><span style=\"font-size: medium;\">Mercredi\u00a0: 14h00-19h00<\/span><\/span><\/p>\n<\/td>\n<\/tr>\n<tr valign=\"TOP\">\n<td width=\"209\">\n<p style=\"widows: 0; orphans: 0;\"><span style=\"font-family: inherit; font-weight: normal;\"><span style=\"font-size: medium;\">Jeudi\u00a0: 17h00-19h00<\/span><\/span><\/p>\n<\/td>\n<\/tr>\n<tr valign=\"TOP\">\n<td width=\"209\">\n<p style=\"widows: 0; orphans: 0;\"><span style=\"font-family: inherit; font-weight: normal;\"><span style=\"font-size: medium;\">Vendredi\u00a0: 17h00-22h00*<\/span><\/span><\/p>\n<\/td>\n<\/tr>\n<tr valign=\"TOP\">\n<td width=\"209\">\n<p style=\"widows: 0; orphans: 0;\"><span style=\"font-family: inherit; font-weight: normal;\"><span style=\"font-size: medium;\">Samedi\u00a0: 14h00-22h00*<\/span><\/span><\/p>\n<\/td>\n<\/tr>\n<\/tbody>\n<\/table>\n<p>&nbsp;<\/p>\n<p>&nbsp;<\/p>\n<p><\/center><\/p>\n<p>&nbsp;<\/p>\n<p>&nbsp;<\/p>\n<p><center><\/p>\n<table dir=\"LTR\" style=\"width: 100%;\" width=\"100%\" cellspacing=\"0\" cellpadding=\"8\" bordercolor=\"#000000\" border=\"1\">\n<tbody>\n<tr>\n<td colspan=\"2\" width=\"552\" valign=\"TOP\">\n<p style=\"widows: 0; orphans: 0;\" align=\"CENTER\"><span style=\"font-family: inherit; font-weight: normal;\"><span style=\"font-size: medium;\"><b>P\u00e9riodes de vacances<\/b><\/span><\/span><\/p>\n<\/td>\n<\/tr>\n<tr valign=\"TOP\">\n<td width=\"299\">\n<p style=\"widows: 0; orphans: 0;\"><span style=\"font-family: inherit; font-weight: normal;\"><span style=\"font-size: medium;\">Lundi\u00a0: 13h00-17h00<\/span><\/span><\/p>\n<\/td>\n<td rowspan=\"5\" width=\"237\">\n<p style=\"widows: 0; orphans: 0;\"><span style=\"font-family: inherit; font-weight: normal;\"><span style=\"font-size: medium;\">20 ou 30 euros par semaine selon les activit\u00e9s pr\u00e9vues<\/span><\/span><\/p>\n<\/td>\n<\/tr>\n<tr valign=\"TOP\">\n<td width=\"299\">\n<p style=\"widows: 0; orphans: 0;\"><span style=\"font-family: Times New Roman, serif;\"><span style=\"font-size: medium;\">Mardi\u00a0: 13h00-17h00<\/span><\/span><\/p>\n<\/td>\n<\/tr>\n<tr valign=\"TOP\">\n<td width=\"299\">\n<p style=\"widows: 0; orphans: 0;\"><span style=\"font-family: Times New Roman, serif;\"><span style=\"font-size: medium;\">Mercredi\u00a0: 13h00-17h00<\/span><\/span><\/p>\n<\/td>\n<\/tr>\n<tr valign=\"TOP\">\n<td width=\"299\">\n<p style=\"widows: 0; orphans: 0;\"><span style=\"font-family: Times New Roman, serif;\"><span style=\"font-size: medium;\">Jeudi\u00a0: 13h00-17h00\/18h00-22h00*<\/span><\/span><\/p>\n<\/td>\n<\/tr>\n<tr valign=\"TOP\">\n<td width=\"299\">\n<p style=\"widows: 0; orphans: 0;\"><span style=\"font-family: Times New Roman, serif;\"><span style=\"font-size: medium;\">Vendredi\u00a0: 13h00-17h00\/18h00-22h00*<\/span><\/span><\/p>\n<\/td>\n<\/tr>\n<\/tbody>\n<\/table>\n<p>&nbsp;<\/p>\n<p>&nbsp;<\/p>\n<p><\/center><\/p>\n<p>&nbsp;<\/p>\n<p>&nbsp;<\/p>\n<p style=\"margin-bottom: 0cm; line-height: 100%; widows: 0; orphans: 0;\" align=\"CENTER\">\n<p>[\/et_pb_toggle][\/et_pb_column][\/et_pb_row][\/et_pb_section]<\/p>\n","protected":false},"excerpt":{"rendered":"<p>Enfance, scolarit\u00e9 &amp; p\u00e9riscolaire\u2022 Cr\u00e8che Multi-Accueil Pomme d&#8217;Api Gestion par Association U2AF &#8211; 5428 Place du 24 Juillet 1897 54810 LonglavilleT\u00e9l. : 03 82 23 85 26Site internet\u00a0\u2022 Maternelle Ecole maternelle Joliot CURIE2 Rue Ren\u00e9 Picard 54810 Longlaville, T\u00e9l\u00a0: 03 82 24 16 18 \u2022 Primaire Ecole primaire Thomas PESQUET26 rue Ren\u00e9 Getti 54810 Longlaville, [&hellip;]<\/p>\n","protected":false},"author":2,"featured_media":0,"parent":42,"menu_order":0,"comment_status":"closed","ping_status":"closed","template":"","meta":{"_et_pb_use_builder":"on","_et_pb_old_content":"","_et_gb_content_width":"","footnotes":""},"class_list":["post-43","page","type-page","status-publish","hentry"],"_links":{"self":[{"href":"https:\/\/www.longlaville.fr\/index.php?rest_route=\/wp\/v2\/pages\/43","targetHints":{"allow":["GET"]}}],"collection":[{"href":"https:\/\/www.longlaville.fr\/index.php?rest_route=\/wp\/v2\/pages"}],"about":[{"href":"https:\/\/www.longlaville.fr\/index.php?rest_route=\/wp\/v2\/types\/page"}],"author":[{"embeddable":true,"href":"https:\/\/www.longlaville.fr\/index.php?rest_route=\/wp\/v2\/users\/2"}],"replies":[{"embeddable":true,"href":"https:\/\/www.longlaville.fr\/index.php?rest_route=%2Fwp%2Fv2%2Fcomments&post=43"}],"version-history":[{"count":16,"href":"https:\/\/www.longlaville.fr\/index.php?rest_route=\/wp\/v2\/pages\/43\/revisions"}],"predecessor-version":[{"id":505,"href":"https:\/\/www.longlaville.fr\/index.php?rest_route=\/wp\/v2\/pages\/43\/revisions\/505"}],"up":[{"embeddable":true,"href":"https:\/\/www.longlaville.fr\/index.php?rest_route=\/wp\/v2\/pages\/42"}],"wp:attachment":[{"href":"https:\/\/www.longlaville.fr\/index.php?rest_route=%2Fwp%2Fv2%2Fmedia&parent=43"}],"curies":[{"name":"wp","href":"https:\/\/api.w.org\/{rel}","templated":true}]}}