{"id":37,"date":"2022-10-12T09:33:55","date_gmt":"2022-10-12T07:33:55","guid":{"rendered":"http:\/\/longlaa.cluster030.hosting.ovh.net\/bf229748-ovh\/index.php\/mairie\/elus-et-commissions\/"},"modified":"2025-07-08T17:39:45","modified_gmt":"2025-07-08T15:39:45","slug":"elus-et-commissions","status":"publish","type":"page","link":"https:\/\/www.longlaville.fr\/?page_id=37","title":{"rendered":"Elus et commissions\u2028"},"content":{"rendered":"<p>[et_pb_section fb_built=&#8221;1&#8243; _builder_version=&#8221;4.18.0&#8243; _module_preset=&#8221;default&#8221; custom_padding=&#8221;150px|||||&#8221; global_colors_info=&#8221;{}&#8221;][et_pb_row _builder_version=&#8221;4.18.0&#8243; _module_preset=&#8221;default&#8221; global_colors_info=&#8221;{}&#8221;][et_pb_column type=&#8221;4_4&#8243; _builder_version=&#8221;4.18.0&#8243; _module_preset=&#8221;default&#8221; global_colors_info=&#8221;{}&#8221;][et_pb_text _builder_version=&#8221;4.18.0&#8243; _module_preset=&#8221;default&#8221; custom_margin=&#8221;||0px||false|false&#8221; global_colors_info=&#8221;{}&#8221;]<\/p>\n<h1>Elus<\/h1>\n<p>[\/et_pb_text][et_pb_divider color=&#8221;#006D7B&#8221; divider_weight=&#8221;6px&#8221; _builder_version=&#8221;4.18.0&#8243; _module_preset=&#8221;default&#8221; custom_margin=&#8221;0px||||false|false&#8221; global_colors_info=&#8221;{}&#8221;][\/et_pb_divider][\/et_pb_column][\/et_pb_row][et_pb_row column_structure=&#8221;1_5,1_5,1_5,1_5,1_5&#8243; _builder_version=&#8221;4.18.0&#8243; _module_preset=&#8221;default&#8221; global_colors_info=&#8221;{}&#8221;][et_pb_column type=&#8221;1_5&#8243; _builder_version=&#8221;4.18.0&#8243; _module_preset=&#8221;default&#8221; global_colors_info=&#8221;{}&#8221;][\/et_pb_column][et_pb_column type=&#8221;1_5&#8243; _builder_version=&#8221;4.18.0&#8243; _module_preset=&#8221;default&#8221; global_colors_info=&#8221;{}&#8221;][\/et_pb_column][et_pb_column type=&#8221;1_5&#8243; _builder_version=&#8221;4.18.0&#8243; _module_preset=&#8221;default&#8221; global_colors_info=&#8221;{}&#8221;][et_pb_team_member name=&#8221;Hamdi TOUDMA&#8221; position=&#8221;Maire de Longlaville&#8221; image_url=&#8221;http:\/\/www.longlaville.fr\/wp-content\/uploads\/2023\/03\/TOUDMA.jpg&#8221; _builder_version=&#8221;4.20.2&#8243; _module_preset=&#8221;default&#8221; global_colors_info=&#8221;{}&#8221;][\/et_pb_team_member][\/et_pb_column][et_pb_column type=&#8221;1_5&#8243; _builder_version=&#8221;4.18.0&#8243; _module_preset=&#8221;default&#8221; global_colors_info=&#8221;{}&#8221;][\/et_pb_column][et_pb_column type=&#8221;1_5&#8243; _builder_version=&#8221;4.18.0&#8243; _module_preset=&#8221;default&#8221; global_colors_info=&#8221;{}&#8221;][\/et_pb_column][\/et_pb_row][et_pb_row column_structure=&#8221;1_5,1_5,1_5,1_5,1_5&#8243; _builder_version=&#8221;4.18.0&#8243; _module_preset=&#8221;default&#8221; global_colors_info=&#8221;{}&#8221;][et_pb_column type=&#8221;1_5&#8243; _builder_version=&#8221;4.18.0&#8243; _module_preset=&#8221;default&#8221; global_colors_info=&#8221;{}&#8221;][et_pb_team_member name=&#8221;v\u00e9ronique furgaut&#8221; position=&#8221;1\u00e8re adjointe Culture et enseignements&#8221; image_url=&#8221;http:\/\/www.longlaville.fr\/wp-content\/uploads\/2023\/03\/Furgaut.jpg&#8221; _builder_version=&#8221;4.20.2&#8243; _module_preset=&#8221;default&#8221; global_colors_info=&#8221;{}&#8221;][\/et_pb_team_member][\/et_pb_column][et_pb_column type=&#8221;1_5&#8243; _builder_version=&#8221;4.18.0&#8243; _module_preset=&#8221;default&#8221; global_colors_info=&#8221;{}&#8221;][et_pb_team_member name=&#8221;christophe gasparotto&#8221; position=&#8221;2\u00e8me adjoint Travaux, environnement, urbanisme et accessibilit\u00e9&#8221; image_url=&#8221;http:\/\/www.longlaville.fr\/wp-content\/uploads\/2023\/03\/GASPAROTTO.jpg&#8221; _builder_version=&#8221;4.20.2&#8243; _module_preset=&#8221;default&#8221; global_colors_info=&#8221;{}&#8221;][\/et_pb_team_member][\/et_pb_column][et_pb_column type=&#8221;1_5&#8243; _builder_version=&#8221;4.18.0&#8243; _module_preset=&#8221;default&#8221; global_colors_info=&#8221;{}&#8221;][et_pb_team_member name=&#8221;christine meloni&#8221; position=&#8221;3\u00e8me adjointe Sant\u00e9, handicap, emploi, aides sociales et s\u00e9niors&#8221; image_url=&#8221;http:\/\/www.longlaville.fr\/wp-content\/uploads\/2023\/03\/MELONI.jpg&#8221; _builder_version=&#8221;4.20.2&#8243; _module_preset=&#8221;default&#8221; global_colors_info=&#8221;{}&#8221;][\/et_pb_team_member][\/et_pb_column][et_pb_column type=&#8221;1_5&#8243; _builder_version=&#8221;4.18.0&#8243; _module_preset=&#8221;default&#8221; global_colors_info=&#8221;{}&#8221;][et_pb_team_member name=&#8221;Pape MBAYE&#8221; position=&#8221;4\u00e8me adjoint Sports, vie associative, charte de la diversit\u00e9, relations avec le conseil citoyen, d\u00e9mocratie de proximit\u00e9&#8221; image_url=&#8221;http:\/\/www.longlaville.fr\/wp-content\/uploads\/2023\/03\/MBAYE.jpg&#8221; _builder_version=&#8221;4.20.2&#8243; _module_preset=&#8221;default&#8221; global_colors_info=&#8221;{}&#8221;][\/et_pb_team_member][\/et_pb_column][et_pb_column type=&#8221;1_5&#8243; _builder_version=&#8221;4.18.0&#8243; _module_preset=&#8221;default&#8221; global_colors_info=&#8221;{}&#8221;][et_pb_team_member name=&#8221;r\u00e9gine lesueur&#8221; position=&#8221;5\u00e8me adjointe Promotion de la ville, comm\u00e9morations et associations patriotiques, relations avec les commer\u00e7ants, artisans, entreprises et le jumelage&#8221; image_url=&#8221;http:\/\/www.longlaville.fr\/wp-content\/uploads\/2023\/03\/LESUEUR.jpg&#8221; _builder_version=&#8221;4.20.2&#8243; _module_preset=&#8221;default&#8221; global_colors_info=&#8221;{}&#8221;][\/et_pb_team_member][\/et_pb_column][\/et_pb_row][et_pb_row _builder_version=&#8221;4.18.0&#8243; _module_preset=&#8221;default&#8221; global_colors_info=&#8221;{}&#8221;][et_pb_column type=&#8221;4_4&#8243; _builder_version=&#8221;4.18.0&#8243; _module_preset=&#8221;default&#8221; global_colors_info=&#8221;{}&#8221;][et_pb_text _builder_version=&#8221;4.18.0&#8243; _module_preset=&#8221;default&#8221; global_colors_info=&#8221;{}&#8221;]<\/p>\n<p>\u00a0<span style=\"text-decoration: underline;\"><span style=\"color: #006d7b; text-decoration: underline;\">CONSEILLERS MUNICIPAUX<\/span><\/span><\/p>\n<p><strong>\u2022 Andr\u00e9 DAQUINO<\/strong>\u00a0<\/p>\n<p><strong>\u2022 Philippe PISIU<\/strong><\/p>\n<p><strong>\u2022 Guillaume GOTTI<\/strong><\/p>\n<p><strong>\u2022 Hedjila MAROCCOU<\/strong><\/p>\n<p><strong>\u2022 Kamen KEMMOUN<\/strong><\/p>\n<p><strong>\u2022 Sylvie HASSAN<\/strong><\/p>\n<p><strong>\u2022 Maxime GUERRA<\/strong><\/p>\n<p><strong>\u2022 Micheline VERDUN<\/strong><\/p>\n<p><strong>\u2022 Zeynep KOCA<\/strong><\/p>\n<p><strong>\u2022 Jean DIMONTE<\/strong><\/p>\n<p><strong>\u2022 Jeanne PICA<\/strong><\/p>\n<p><strong>\u2022 Pascal VALENTINI<\/strong><\/p>\n<p><strong>\u2022 Marie-Th\u00e9r\u00e8se SOHYER<\/strong><\/p>\n<p><strong><\/strong><\/p>\n<p>[\/et_pb_text][et_pb_text _builder_version=&#8221;4.18.0&#8243; _module_preset=&#8221;default&#8221; custom_margin=&#8221;||0px||false|false&#8221; global_colors_info=&#8221;{}&#8221;]<\/p>\n<h1>Commissions<\/h1>\n<p>[\/et_pb_text][et_pb_divider color=&#8221;#006D7B&#8221; divider_weight=&#8221;6px&#8221; _builder_version=&#8221;4.18.0&#8243; _module_preset=&#8221;default&#8221; custom_margin=&#8221;0px||||false|false&#8221; global_colors_info=&#8221;{}&#8221;][\/et_pb_divider][et_pb_toggle title=&#8221;finances &#038; administration&#8221; closed_toggle_background_color=&#8221;rgba(0,109,123,0.1)&#8221; icon_color=&#8221;#006D7B&#8221; toggle_icon=&#8221;&#xe04c;||divi||400&#8243; open_icon_color=&#8221;#006D7B&#8221; open_toggle_icon=&#8221;&#xe04b;||divi||400&#8243; _builder_version=&#8221;4.18.0&#8243; _module_preset=&#8221;default&#8221; title_text_color=&#8221;#006D7B&#8221; title_level=&#8221;h4&#8243; title_font=&#8221;|||on|||||&#8221; border_width_all=&#8221;0px&#8221; border_color_all=&#8221;RGBA(255,255,255,0)&#8221; global_colors_info=&#8221;{}&#8221;]<\/p>\n<p><span style=\"text-decoration: underline;\">Membres de la commission :<\/span><\/p>\n<p><strong>\u2022 Hamdi TOUDMA<br \/>\u2022 V\u00e9ronique FURGAUT<br \/>\u2022 Christine MELONI<br \/>\u2022 Maxime GUERRA<br \/>\u2022 Sylvie HASSAN<br \/>\u2022 Jean DIMONTE<\/strong><\/p>\n<p><em><span style=\"color: #bb1818;\"><strong><\/strong><\/span><\/em><\/p>\n<p>[\/et_pb_toggle][et_pb_toggle title=&#8221;Travaux, environnement, urbanisme, accessibilit\u00e9, transition \u00e9cologique, cimeti\u00e8res, fleurissement, circulation, transports&#8221; closed_toggle_background_color=&#8221;rgba(0,109,123,0.1)&#8221; icon_color=&#8221;#006D7B&#8221; toggle_icon=&#8221;&#xe04c;||divi||400&#8243; open_icon_color=&#8221;#006D7B&#8221; open_toggle_icon=&#8221;&#xe04b;||divi||400&#8243; _builder_version=&#8221;4.18.0&#8243; _module_preset=&#8221;default&#8221; title_text_color=&#8221;#006D7B&#8221; title_level=&#8221;h4&#8243; title_font=&#8221;|||on|||||&#8221; border_width_all=&#8221;0px&#8221; border_color_all=&#8221;RGBA(255,255,255,0)&#8221; global_colors_info=&#8221;{}&#8221;]<\/p>\n<p><span style=\"text-decoration: underline;\">Membres de la commission :<\/span><\/p>\n<p><strong>\u2022 Christophe GASPAROTTO<br \/>\u2022 Andr\u00e9 DAQUINO<br \/>\u2022 Sylvie HASSAN<br \/>\u2022 Maxime GUERRA<br \/>\u2022 Kamen KEMMOUN<br \/>\u2022 Philippe PISIU<br \/>\u2022 Jean DIMONTE<br \/>\u2022 Pascal VALENTINI<br \/><\/strong><\/p>\n<p><em><span style=\"color: #bb1818;\"><strong><\/strong><\/span><\/em><\/p>\n<p>[\/et_pb_toggle][et_pb_toggle title=&#8221;Solidarit\u00e9, sant\u00e9, handicap, emploi, aide sociale, seniors&#8221; closed_toggle_background_color=&#8221;rgba(0,109,123,0.1)&#8221; icon_color=&#8221;#006D7B&#8221; toggle_icon=&#8221;&#xe04c;||divi||400&#8243; open_icon_color=&#8221;#006D7B&#8221; open_toggle_icon=&#8221;&#xe04b;||divi||400&#8243; _builder_version=&#8221;4.18.0&#8243; _module_preset=&#8221;default&#8221; title_text_color=&#8221;#006D7B&#8221; title_level=&#8221;h4&#8243; title_font=&#8221;|||on|||||&#8221; border_width_all=&#8221;0px&#8221; border_color_all=&#8221;RGBA(255,255,255,0)&#8221; global_colors_info=&#8221;{}&#8221;]<\/p>\n<p><span style=\"text-decoration: underline;\">Membres de la commission :<\/span><\/p>\n<p><strong>\u2022 Christine MELONI<br \/>\u2022 Sylvie HASSAN<br \/>\u2022 Micheline VERDUN<br \/>\u2022 Christophe GASPAROTTO<br \/>\u2022 R\u00e9gine LESUEUR<br \/>\u2022 Marie Th\u00e9r\u00e8se SOHYER<br \/><\/strong><\/p>\n<p><em><span style=\"color: #bb1818;\"><strong><\/strong><\/span><\/em><\/p>\n<p>[\/et_pb_toggle][et_pb_toggle title=&#8221;vie associative, sport, diversit\u00e9, conseils citoyens, d\u00e9mocratie de proximit\u00e9&#8221; closed_toggle_background_color=&#8221;rgba(0,109,123,0.1)&#8221; icon_color=&#8221;#006D7B&#8221; toggle_icon=&#8221;&#xe04c;||divi||400&#8243; open_icon_color=&#8221;#006D7B&#8221; open_toggle_icon=&#8221;&#xe04b;||divi||400&#8243; _builder_version=&#8221;4.18.0&#8243; _module_preset=&#8221;default&#8221; title_text_color=&#8221;#006D7B&#8221; title_level=&#8221;h4&#8243; title_font=&#8221;|||on|||||&#8221; border_width_all=&#8221;0px&#8221; border_color_all=&#8221;RGBA(255,255,255,0)&#8221; global_colors_info=&#8221;{}&#8221;]<\/p>\n<p><span style=\"text-decoration: underline;\">Membres de la commission :<\/span><\/p>\n<p><strong>\u2022 Papa MBAYE<br \/>\u2022 Hedjila MAROCCOU<br \/>\u2022 Kamen KEMMOUN<br \/>\u2022 Guillaume GOTTI<br \/>\u2022 Philippe PISIU<br \/>\u2022 Jean DIMONTE<br \/>\u2022 Pascal VALENTINI<br \/><\/strong><\/p>\n<p><em><span style=\"color: #bb1818;\"><strong><\/strong><\/span><\/em><\/p>\n<p>[\/et_pb_toggle][et_pb_toggle title=&#8221;culture, \u00e9ducation (enseignement), petite-enfance, enfance jeunesse, communication&#8221; closed_toggle_background_color=&#8221;rgba(0,109,123,0.1)&#8221; icon_color=&#8221;#006D7B&#8221; toggle_icon=&#8221;&#xe04c;||divi||400&#8243; open_icon_color=&#8221;#006D7B&#8221; open_toggle_icon=&#8221;&#xe04b;||divi||400&#8243; _builder_version=&#8221;4.18.0&#8243; _module_preset=&#8221;default&#8221; title_text_color=&#8221;#006D7B&#8221; title_level=&#8221;h4&#8243; title_font=&#8221;|||on|||||&#8221; border_width_all=&#8221;0px&#8221; border_color_all=&#8221;RGBA(255,255,255,0)&#8221; global_colors_info=&#8221;{}&#8221;]<\/p>\n<p><span style=\"text-decoration: underline;\">Membres de la commission :<\/span><\/p>\n<p><strong>\u2022 V\u00e9ronique FURGAUT<br \/>\u2022 Andr\u00e9 DAQUINO<br \/>\u2022 Papa MBAYE<br \/>\u2022 Philippe PISIU<br \/>\u2022 Christine MELONI<br \/>\u2022 Jeanne PICA<br \/>\u2022 Marie Th\u00e9r\u00e8se SOHYER<br \/><\/strong><\/p>\n<p><em><span style=\"color: #bb1818;\"><strong><\/strong><\/span><\/em><\/p>\n<p>[\/et_pb_toggle][et_pb_toggle title=&#8221;promotion de la ville, comm\u00e9morations et associations patriotiques, relations commer\u00e7ants &#038; artisans, jumelage&#8221; closed_toggle_background_color=&#8221;rgba(0,109,123,0.1)&#8221; icon_color=&#8221;#006D7B&#8221; toggle_icon=&#8221;&#xe04c;||divi||400&#8243; open_icon_color=&#8221;#006D7B&#8221; open_toggle_icon=&#8221;&#xe04b;||divi||400&#8243; _builder_version=&#8221;4.18.0&#8243; _module_preset=&#8221;default&#8221; title_text_color=&#8221;#006D7B&#8221; title_level=&#8221;h4&#8243; title_font=&#8221;|||on|||||&#8221; border_width_all=&#8221;0px&#8221; border_color_all=&#8221;RGBA(255,255,255,0)&#8221; global_colors_info=&#8221;{}&#8221;]<\/p>\n<p><span style=\"text-decoration: underline;\">Membres de la commission :<\/span><\/p>\n<p><strong>\u2022 R\u00e9gine LESUEUR<br \/>\u2022 Hedjila MAROCCOU<br \/>\u2022 Guillaume GOTTI<br \/>\u2022 Micheline VERDUN<br \/>\u2022 Christophe GASPAROTTO<br \/>\u2022 Marie Th\u00e9r\u00e8se SOHYER<br \/><\/strong><\/p>\n<p><em><span style=\"color: #bb1818;\"><strong><\/strong><\/span><\/em><\/p>\n<p>[\/et_pb_toggle][\/et_pb_column][\/et_pb_row][\/et_pb_section]<\/p>\n","protected":false},"excerpt":{"rendered":"<p>Elus\u00a0CONSEILLERS MUNICIPAUX \u2022 Andr\u00e9 DAQUINO\u00a0 \u2022 Philippe PISIU \u2022 Guillaume GOTTI \u2022 Hedjila MAROCCOU \u2022 Kamen KEMMOUN \u2022 Sylvie HASSAN \u2022 Maxime GUERRA \u2022 Micheline VERDUN \u2022 Zeynep KOCA \u2022 Jean DIMONTE \u2022 Jeanne PICA \u2022 Pascal VALENTINI \u2022 Marie-Th\u00e9r\u00e8se SOHYER CommissionsMembres de la commission : \u2022 Hamdi TOUDMA\u2022 V\u00e9ronique FURGAUT\u2022 Christine MELONI\u2022 Maxime GUERRA\u2022 [&hellip;]<\/p>\n","protected":false},"author":2,"featured_media":0,"parent":35,"menu_order":0,"comment_status":"closed","ping_status":"closed","template":"","meta":{"_et_pb_use_builder":"on","_et_pb_old_content":"","_et_gb_content_width":"","footnotes":""},"class_list":["post-37","page","type-page","status-publish","hentry"],"_links":{"self":[{"href":"https:\/\/www.longlaville.fr\/index.php?rest_route=\/wp\/v2\/pages\/37","targetHints":{"allow":["GET"]}}],"collection":[{"href":"https:\/\/www.longlaville.fr\/index.php?rest_route=\/wp\/v2\/pages"}],"about":[{"href":"https:\/\/www.longlaville.fr\/index.php?rest_route=\/wp\/v2\/types\/page"}],"author":[{"embeddable":true,"href":"https:\/\/www.longlaville.fr\/index.php?rest_route=\/wp\/v2\/users\/2"}],"replies":[{"embeddable":true,"href":"https:\/\/www.longlaville.fr\/index.php?rest_route=%2Fwp%2Fv2%2Fcomments&post=37"}],"version-history":[{"count":12,"href":"https:\/\/www.longlaville.fr\/index.php?rest_route=\/wp\/v2\/pages\/37\/revisions"}],"predecessor-version":[{"id":1024,"href":"https:\/\/www.longlaville.fr\/index.php?rest_route=\/wp\/v2\/pages\/37\/revisions\/1024"}],"up":[{"embeddable":true,"href":"https:\/\/www.longlaville.fr\/index.php?rest_route=\/wp\/v2\/pages\/35"}],"wp:attachment":[{"href":"https:\/\/www.longlaville.fr\/index.php?rest_route=%2Fwp%2Fv2%2Fmedia&parent=37"}],"curies":[{"name":"wp","href":"https:\/\/api.w.org\/{rel}","templated":true}]}}