{"id":347,"date":"2023-03-14T10:17:45","date_gmt":"2023-03-14T09:17:45","guid":{"rendered":"http:\/\/www.longlaville.fr\/?page_id=347"},"modified":"2023-03-16T10:34:55","modified_gmt":"2023-03-16T09:34:55","slug":"marche","status":"publish","type":"page","link":"https:\/\/www.longlaville.fr\/?page_id=347","title":{"rendered":"March\u00e9"},"content":{"rendered":"<p>[et_pb_section fb_built=&#8221;1&#8243; _builder_version=&#8221;4.18.0&#8243; _module_preset=&#8221;default&#8221; custom_padding=&#8221;150px|||||&#8221; global_colors_info=&#8221;{}&#8221;][et_pb_row _builder_version=&#8221;4.18.0&#8243; _module_preset=&#8221;default&#8221; global_colors_info=&#8221;{}&#8221;][et_pb_column type=&#8221;4_4&#8243; _builder_version=&#8221;4.18.0&#8243; _module_preset=&#8221;default&#8221; global_colors_info=&#8221;{}&#8221;][et_pb_text _builder_version=&#8221;4.18.0&#8243; _module_preset=&#8221;default&#8221; custom_margin=&#8221;||0px||false|false&#8221; global_colors_info=&#8221;{}&#8221;]<\/p>\n<h1>March\u00e9<\/h1>\n<p>[\/et_pb_text][et_pb_divider color=&#8221;#006D7B&#8221; divider_weight=&#8221;6px&#8221; _builder_version=&#8221;4.18.0&#8243; _module_preset=&#8221;default&#8221; custom_margin=&#8221;0px||||false|false&#8221; global_colors_info=&#8221;{}&#8221;][\/et_pb_divider][et_pb_text _builder_version=&#8221;4.18.0&#8243; _module_preset=&#8221;default&#8221; global_colors_info=&#8221;{}&#8221;]<\/p>\n<p><strong>Depuis la rentr\u00e9e de septembre 2022, la Ville de Longlaville vous propose une solution pour consommer local, gr\u00e2ce \u00e0 l\u2019implantation d\u2019un march\u00e9 hebdomadaire, chaque mercredi, en centre-ville.<\/strong><\/p>\n<p>De 8h00 \u00e0 12h00, venez retrouver vos commer\u00e7ants de produits de bouche, fruits, l\u00e9gumes, boucherie, charcuterie, r\u00f4tisserie&#8230; mais aussi de quoi vous faire plaisir avec du pr\u00eat-\u00e0-porter des accessoires high-tech, des cosm\u00e9tiques et diverses id\u00e9es cadeaux.<\/p>\n<p>Rendez-vous donc, le mercredi matin, au croisement de la rue Guy M\u00f4quet et de l\u2019avenue Bogdan POLITANSKI.<\/p>\n<p>[\/et_pb_text][\/et_pb_column][\/et_pb_row][\/et_pb_section]<\/p>\n","protected":false},"excerpt":{"rendered":"<p>March\u00e9Depuis la rentr\u00e9e de septembre 2022, la Ville de Longlaville vous propose une solution pour consommer local, gr\u00e2ce \u00e0 l\u2019implantation d\u2019un march\u00e9 hebdomadaire, chaque mercredi, en centre-ville. De 8h00 \u00e0 12h00, venez retrouver vos commer\u00e7ants de produits de bouche, fruits, l\u00e9gumes, boucherie, charcuterie, r\u00f4tisserie&#8230; mais aussi de quoi vous faire plaisir avec du pr\u00eat-\u00e0-porter des [&hellip;]<\/p>\n","protected":false},"author":2,"featured_media":0,"parent":0,"menu_order":0,"comment_status":"closed","ping_status":"closed","template":"","meta":{"_et_pb_use_builder":"on","_et_pb_old_content":"<!-- wp:divi\/placeholder \/-->","_et_gb_content_width":"","footnotes":""},"class_list":["post-347","page","type-page","status-publish","hentry"],"_links":{"self":[{"href":"https:\/\/www.longlaville.fr\/index.php?rest_route=\/wp\/v2\/pages\/347","targetHints":{"allow":["GET"]}}],"collection":[{"href":"https:\/\/www.longlaville.fr\/index.php?rest_route=\/wp\/v2\/pages"}],"about":[{"href":"https:\/\/www.longlaville.fr\/index.php?rest_route=\/wp\/v2\/types\/page"}],"author":[{"embeddable":true,"href":"https:\/\/www.longlaville.fr\/index.php?rest_route=\/wp\/v2\/users\/2"}],"replies":[{"embeddable":true,"href":"https:\/\/www.longlaville.fr\/index.php?rest_route=%2Fwp%2Fv2%2Fcomments&post=347"}],"version-history":[{"count":3,"href":"https:\/\/www.longlaville.fr\/index.php?rest_route=\/wp\/v2\/pages\/347\/revisions"}],"predecessor-version":[{"id":447,"href":"https:\/\/www.longlaville.fr\/index.php?rest_route=\/wp\/v2\/pages\/347\/revisions\/447"}],"wp:attachment":[{"href":"https:\/\/www.longlaville.fr\/index.php?rest_route=%2Fwp%2Fv2%2Fmedia&parent=347"}],"curies":[{"name":"wp","href":"https:\/\/api.w.org\/{rel}","templated":true}]}}

Marché

<p>[et_pb_section fb_built=&#8221;1&#8243; _builder_version=&#8221;4.18.0&#8243; _module_preset=&#8221;default&#8221; custom_padding=&#8221;150px|||||&#8221; global_colors_info=&#8221;{}&#8221;][et_pb_row _builder_version=&#8221;4.18.0&#8243; _module_preset=&#8221;default&#8221; global_colors_info=&#8221;{}&#8221;][et_pb_column type=&#8221;4_4&#8243; _builder_version=&#8221;4.18.0&#8243; _module_preset=&#8221;default&#8221; global_colors_info=&#8221;{}&#8221;][et_pb_text _builder_version=&#8221;4.18.0&#8243; _module_preset=&#8221;default&#8221; custom_margin=&#8221;||0px||false|false&#8221; global_colors_info=&#8221;{}&#8221;]</p>
<h1>Marché</h1>
<p>[/et_pb_text][et_pb_divider color=&#8221;#006D7B&#8221; divider_weight=&#8221;6px&#8221; _builder_version=&#8221;4.18.0&#8243; _module_preset=&#8221;default&#8221; custom_margin=&#8221;0px||||false|false&#8221; global_colors_info=&#8221;{}&#8221;][/et_pb_divider][et_pb_text _builder_version=&#8221;4.18.0&#8243; _module_preset=&#8221;default&#8221; global_colors_info=&#8221;{}&#8221;]</p>
<p><strong>Depuis la rentrée de septembre 2022, la Ville de Longlaville vous propose une solution pour consommer local, grâce à l’implantation d’un marché hebdomadaire, chaque mercredi, en centre-ville.</strong></p>
<p>De 8h00 à 12h00, venez retrouver vos commerçants de produits de bouche, fruits, légumes, boucherie, charcuterie, rôtisserie&#8230; mais aussi de quoi vous faire plaisir avec du prêt-à-porter des accessoires high-tech, des cosmétiques et diverses idées cadeaux.</p>
<p>Rendez-vous donc, le mercredi matin, au croisement de la rue Guy Môquet et de l’avenue Bogdan POLITANSKI.</p>
<p>[/et_pb_text][/et_pb_column][/et_pb_row][/et_pb_section]</p>

<p>MarchéDepuis la rentrée de septembre 2022, la Ville de Longlaville vous propose une solution pour consommer local, grâce à l’implantation d’un marché hebdomadaire, chaque mercredi, en centre-ville. De 8h00 à 12h00, venez retrouver vos commerçants de produits de bouche, fruits, légumes, boucherie, charcuterie, rôtisserie&#8230; mais aussi de quoi vous faire plaisir avec du prêt-à-porter des [&hellip;]</p>
