{"id":341,"date":"2023-03-14T10:12:08","date_gmt":"2023-03-14T09:12:08","guid":{"rendered":"http:\/\/www.longlaville.fr\/?page_id=341"},"modified":"2023-03-14T11:02:11","modified_gmt":"2023-03-14T10:02:11","slug":"tranquillite-publique","status":"publish","type":"page","link":"https:\/\/www.longlaville.fr\/?page_id=341","title":{"rendered":"Tranquillit\u00e9 publique"},"content":{"rendered":"<p>[et_pb_section fb_built=&#8221;1&#8243; _builder_version=&#8221;4.18.0&#8243; _module_preset=&#8221;default&#8221; custom_padding=&#8221;150px|||||&#8221; global_colors_info=&#8221;{}&#8221;][et_pb_row _builder_version=&#8221;4.18.0&#8243; _module_preset=&#8221;default&#8221; global_colors_info=&#8221;{}&#8221;][et_pb_column type=&#8221;4_4&#8243; _builder_version=&#8221;4.18.0&#8243; _module_preset=&#8221;default&#8221; global_colors_info=&#8221;{}&#8221;][et_pb_text _builder_version=&#8221;4.18.0&#8243; _module_preset=&#8221;default&#8221; custom_margin=&#8221;||0px||false|false&#8221; global_colors_info=&#8221;{}&#8221;]<\/p>\n<h1>Tranquillit\u00e9 publique<\/h1>\n<p>[\/et_pb_text][et_pb_divider color=&#8221;#006D7B&#8221; divider_weight=&#8221;6px&#8221; _builder_version=&#8221;4.18.0&#8243; _module_preset=&#8221;default&#8221; custom_margin=&#8221;0px||||false|false&#8221; global_colors_info=&#8221;{}&#8221;][\/et_pb_divider][\/et_pb_column][\/et_pb_row][et_pb_row _builder_version=&#8221;4.18.0&#8243; _module_preset=&#8221;default&#8221; global_colors_info=&#8221;{}&#8221;][et_pb_column type=&#8221;4_4&#8243; _builder_version=&#8221;4.18.0&#8243; _module_preset=&#8221;default&#8221; global_colors_info=&#8221;{}&#8221;][et_pb_text _builder_version=&#8221;4.18.0&#8243; _module_preset=&#8221;default&#8221; global_colors_info=&#8221;{}&#8221;]<\/p>\n<h4><span style=\"color: #006d7b;\">La police Municipale<\/span><\/h4>\n<p><strong>Un projet de mise en place d\u2019une police municipale est en cours de cr\u00e9ation. Il est r\u00e9alis\u00e9 conjointement avec la municipalit\u00e9 de Hussigny-Godbrange.<\/strong><\/p>\n<p>[\/et_pb_text][et_pb_toggle title=&#8221;Les missions de la police municipale&#8221; closed_toggle_background_color=&#8221;rgba(0,109,123,0.1)&#8221; icon_color=&#8221;#006D7B&#8221; toggle_icon=&#8221;&#xe04c;||divi||400&#8243; open_icon_color=&#8221;#006D7B&#8221; open_toggle_icon=&#8221;&#xe04b;||divi||400&#8243; _builder_version=&#8221;4.19.0&#8243; _module_preset=&#8221;default&#8221; title_text_color=&#8221;#006D7B&#8221; title_level=&#8221;h4&#8243; title_font=&#8221;|||on|||||&#8221; border_width_all=&#8221;0px&#8221; border_color_all=&#8221;RGBA(255,255,255,0)&#8221; global_colors_info=&#8221;{}&#8221;]<\/p>\n<p>\u2022 Proximit\u00e9 avec la population<br \/>\u2022 S\u00e9curisation lors des festivit\u00e9s organis\u00e9es.<br \/>\u2022 \u00c9ducation routi\u00e8re en milieu scolaire et sensibilisation aupr\u00e8s des personnes du 3\u00e8me \u00e2ge.<br \/>\u2022 La vid\u00e9o protection.<br \/>\u2022 Mise en fourri\u00e8re des v\u00e9hicules : g\u00eanants, abusifs, \u00e9paves sur la voie publique.<br \/>\u2022 Intervention conjointe avec une soci\u00e9t\u00e9 agr\u00e9\u00e9e pour la capture et la r\u00e9cup\u00e9ration des animaux errants.<br \/>\u2022 Gestion des conflits.<br \/>\u2022 Verbalisation des infractions li\u00e9es aux stationnements, infractions routi\u00e8res, nuisances sonores etc\u2026<\/p>\n<p>[\/et_pb_toggle][\/et_pb_column][\/et_pb_row][\/et_pb_section]<\/p>\n","protected":false},"excerpt":{"rendered":"<p>Tranquillit\u00e9 publiqueLa police Municipale Un projet de mise en place d\u2019une police municipale est en cours de cr\u00e9ation. Il est r\u00e9alis\u00e9 conjointement avec la municipalit\u00e9 de Hussigny-Godbrange.\u2022 Proximit\u00e9 avec la population\u2022 S\u00e9curisation lors des festivit\u00e9s organis\u00e9es.\u2022 \u00c9ducation routi\u00e8re en milieu scolaire et sensibilisation aupr\u00e8s des personnes du 3\u00e8me \u00e2ge.\u2022 La vid\u00e9o protection.\u2022 Mise en fourri\u00e8re [&hellip;]<\/p>\n","protected":false},"author":2,"featured_media":0,"parent":0,"menu_order":0,"comment_status":"closed","ping_status":"closed","template":"","meta":{"_et_pb_use_builder":"on","_et_pb_old_content":"<!-- wp:divi\/placeholder \/-->","_et_gb_content_width":"","footnotes":""},"class_list":["post-341","page","type-page","status-publish","hentry"],"_links":{"self":[{"href":"https:\/\/www.longlaville.fr\/index.php?rest_route=\/wp\/v2\/pages\/341","targetHints":{"allow":["GET"]}}],"collection":[{"href":"https:\/\/www.longlaville.fr\/index.php?rest_route=\/wp\/v2\/pages"}],"about":[{"href":"https:\/\/www.longlaville.fr\/index.php?rest_route=\/wp\/v2\/types\/page"}],"author":[{"embeddable":true,"href":"https:\/\/www.longlaville.fr\/index.php?rest_route=\/wp\/v2\/users\/2"}],"replies":[{"embeddable":true,"href":"https:\/\/www.longlaville.fr\/index.php?rest_route=%2Fwp%2Fv2%2Fcomments&post=341"}],"version-history":[{"count":4,"href":"https:\/\/www.longlaville.fr\/index.php?rest_route=\/wp\/v2\/pages\/341\/revisions"}],"predecessor-version":[{"id":377,"href":"https:\/\/www.longlaville.fr\/index.php?rest_route=\/wp\/v2\/pages\/341\/revisions\/377"}],"wp:attachment":[{"href":"https:\/\/www.longlaville.fr\/index.php?rest_route=%2Fwp%2Fv2%2Fmedia&parent=341"}],"curies":[{"name":"wp","href":"https:\/\/api.w.org\/{rel}","templated":true}]}}