{"id":33,"date":"2022-10-12T09:33:55","date_gmt":"2022-10-12T07:33:55","guid":{"rendered":"http:\/\/longlaa.cluster030.hosting.ovh.net\/bf229748-ovh\/index.php\/demarches\/location-de-salle\/"},"modified":"2023-03-20T09:59:16","modified_gmt":"2023-03-20T08:59:16","slug":"location-de-salle","status":"publish","type":"page","link":"https:\/\/www.longlaville.fr\/?page_id=33","title":{"rendered":"Location de salle"},"content":{"rendered":"<p>[et_pb_section fb_built=&#8221;1&#8243; _builder_version=&#8221;4.18.0&#8243; _module_preset=&#8221;default&#8221; custom_padding=&#8221;150px|||||&#8221; global_colors_info=&#8221;{}&#8221;][et_pb_row _builder_version=&#8221;4.18.0&#8243; _module_preset=&#8221;default&#8221; global_colors_info=&#8221;{}&#8221;][et_pb_column type=&#8221;4_4&#8243; _builder_version=&#8221;4.18.0&#8243; _module_preset=&#8221;default&#8221; global_colors_info=&#8221;{}&#8221;][et_pb_text _builder_version=&#8221;4.18.0&#8243; _module_preset=&#8221;default&#8221; custom_margin=&#8221;||0px||false|false&#8221; global_colors_info=&#8221;{}&#8221;]<\/p>\n<h1>Location de salle<\/h1>\n<p>[\/et_pb_text][et_pb_divider color=&#8221;#006D7B&#8221; divider_weight=&#8221;6px&#8221; _builder_version=&#8221;4.18.0&#8243; _module_preset=&#8221;default&#8221; custom_margin=&#8221;0px||||false|false&#8221; global_colors_info=&#8221;{}&#8221;][\/et_pb_divider][et_pb_text _builder_version=&#8221;4.18.0&#8243; _module_preset=&#8221;default&#8221; global_colors_info=&#8221;{}&#8221;]<\/p>\n<p><strong>La Ville de Longlaville met \u00e0 disposition la salle Alexe\u00ef LEONOV situ\u00e9e rue des Victimes du nazisme pour f\u00eater vos diff\u00e9rents \u00e9v\u00e8nements.<\/strong><\/p>\n<p><strong>Deux salles peuvent \u00eatre lou\u00e9es :<\/strong><br \/>\u2022 La grande salle d\u2019une capacit\u00e9 <span style=\"color: #000000;\">de <strong>130<\/strong> personnes avec cuisine<\/span><br \/><span style=\"color: #000000;\">\u2022 La petite salle d\u2019une capacit\u00e9 de <strong>30<\/strong> perso<\/span>nnes sans cuisine<\/p>\n<p>[\/et_pb_text][et_pb_toggle title=&#8221;GRANDE SALLE ALEXE\u00cf LEONOV&#8221; closed_toggle_background_color=&#8221;rgba(0,109,123,0.1)&#8221; icon_color=&#8221;#006D7B&#8221; toggle_icon=&#8221;&#xe04c;||divi||400&#8243; open_icon_color=&#8221;#006D7B&#8221; open_toggle_icon=&#8221;&#xe04b;||divi||400&#8243; _builder_version=&#8221;4.19.0&#8243; _module_preset=&#8221;default&#8221; title_text_color=&#8221;#006D7B&#8221; title_level=&#8221;h4&#8243; title_font=&#8221;|||on|||||&#8221; border_width_all=&#8221;0px&#8221; border_color_all=&#8221;RGBA(255,255,255,0)&#8221; global_colors_info=&#8221;{}&#8221;]<\/p>\n<p><strong>Tarifs : 2 ch\u00e8ques de caution de 1 500 \u20ac + 1 ch\u00e8que du prix de la location + Vaisselle : 1\u20ac\/personne<\/strong><\/p>\n<p><span style=\"text-decoration: underline;\"><strong>Location \u00e0 la journ\u00e9e : mardi, mercredi, jeudi :<\/strong><\/span><br \/>\u2028\u2022 Associations longlavilloises : 150 \u20ac<br \/>\u2022 Entreprises longlavilloises : 350 \u20ac\u2028<br \/>\u2022 Associations ext\u00e9rieures : 450 \u20ac<br \/>\u2022 Entreprises ext\u00e9rieures : 600 \u20ac<br \/>\u2028\u2022 Particuliers longlavillois : 250 \u20ac\u2028<br \/>\u2022 Particuliers ext\u00e9rieurs : 550 \u20ac<br \/>\u2022 Organismes publics et parapublics (collectivit\u00e9 territoriale, EPCI, syndicats\u2026)\u00a0: 350 \u20ac\u2028<br \/>\u2022 Etablissements scolaires longlavillois et ext\u00e9rieurs : 150 \u20ac<br \/>\u2022 Associations et \u00e9coles longlavilloises : Premi\u00e8re utilisation gratuite<\/p>\n<p><strong>A rajouter au prix de location\u00a0:<\/strong><br \/>\u2022 Forfait charges HIVER (1er octobre au 31 mars) : 150 \u20ac<br \/>\u2022 Forfait charges ETE (1er avril au 30 septembre) : 80 \u20ac<\/p>\n<p><span style=\"text-decoration: underline;\"><strong>Location Week-end, du vendredi 10h au lundi 10h :\u2028<\/strong><\/span><br \/>\u2022 Associations longlavilloises : 300 \u20ac<br \/>\u2022 Entreprises longlavilloises : 600 \u20ac\u2028\u2022 Associations ext\u00e9rieures : 650 \u20ac<br \/>\u2022 Entreprises ext\u00e9rieures : 900 \u20ac\u2028\u2022 Particuliers longlavillois : 500 \u20ac\u2028<br \/>\u2022 Particuliers ext\u00e9rieurs : 850 \u20ac<br \/>\u2022 Organismes publics et parapublics (collectivit\u00e9 territoriale, EPCI, syndicats\u2026)\u00a0: 600 \u20ac\u2028<br \/>\u2022 Etablissements scolaires longlavillois et ext\u00e9rieurs : 300 \u20ac<br \/>\u2022 Associations et \u00e9coles longlavilloises : Premi\u00e8re utilisation gratuite<\/p>\n<p><strong>A rajouter au prix de location\u00a0:<\/strong><br \/>\u2022 Forfait charges HIVER (1er octobre au 31 mars) : 150 \u20ac<br \/>\u2022 Forfait charges ETE (1er avril au 30 septembre) : 80 \u20ac<\/p>\n<p><a href=\"http:\/\/www.longlaville.fr\/wp-content\/uploads\/2022\/10\/Re\u0300glement-Grande-salle-Alexei\u0308-Leonov.pdf\"><strong>T\u00e9lecharger le r\u00e8glement de la salle<\/strong><\/a><\/p>\n<p>[\/et_pb_toggle][et_pb_toggle title=&#8221;Petite SALLE ALEXE\u00cf LEONOV&#8221; closed_toggle_background_color=&#8221;rgba(0,109,123,0.1)&#8221; icon_color=&#8221;#006D7B&#8221; toggle_icon=&#8221;&#xe04c;||divi||400&#8243; open_icon_color=&#8221;#006D7B&#8221; open_toggle_icon=&#8221;&#xe04b;||divi||400&#8243; _builder_version=&#8221;4.19.0&#8243; _module_preset=&#8221;default&#8221; title_text_color=&#8221;#006D7B&#8221; title_level=&#8221;h4&#8243; title_font=&#8221;|||on|||||&#8221; border_width_all=&#8221;0px&#8221; border_color_all=&#8221;RGBA(255,255,255,0)&#8221; global_colors_info=&#8221;{}&#8221;]<\/p>\n<p><strong>Tarifs : 1 ch\u00e8que de caution de 600 \u20ac + 1 ch\u00e8que du prix de la location<\/strong><\/p>\n<p><strong><span style=\"text-decoration: underline;\">Location \u00e0 la journ\u00e9e : mardi, mercredi, jeudi :<\/span><\/strong><br \/><strong><span style=\"text-decoration: underline;\">\u2028<\/span><\/strong>\u2022 Associations longlavilloises : 100 \u20ac<br \/>\u2022 Entreprises longlavilloises : 200 \u20ac<br \/>\u2028\u2022 Associations ext\u00e9rieures : 200 \u20ac<br \/>\u2022 Entreprises ext\u00e9rieures : 250 \u20ac\u2028<br \/>\u2022 Particuliers longlavillois : 100 \u20ac\u2028<br \/>\u2022 Particuliers ext\u00e9rieurs : 200 \u20ac<br \/>\u2022 Organismes publics et parapublics (collectivit\u00e9 territoriale, EPCI, syndicats\u2026)\u00a0: 120 \u20ac\u2028<br \/>\u2022 Etablissements scolaires longlavillois : 50 \u20ac<br \/>\u2022 Etablissements scolaires ext\u00e9rieurs : 100 \u20ac<br \/>\u2022 Associations et \u00e9coles longlavilloises : Premi\u00e8re utilisation gratuite<\/p>\n<p><strong>A rajouter au prix de location\u00a0:<\/strong><br \/>\u2022 Forfait charges HIVER (1er octobre au 31 mars) : 50 \u20ac<\/p>\n<p><span style=\"text-decoration: underline;\"><strong>Location Week-end, du vendredi 10h au lundi 10h\u00a0:\u2028<\/strong><\/span><\/p>\n<p>\u2022 Associations longlavilloises : 150 \u20ac<br \/>\u2022 Entreprises longlavilloises : 300 \u20ac\u2028\u2022 Associations ext\u00e9rieures : 300 \u20ac<br \/>\u2022 Entreprises ext\u00e9rieures : 350 \u20ac\u2028\u2022 Particuliers longlavillois : 150 \u20ac<br \/>\u2028\u2022 Particuliers ext\u00e9rieurs : 300 \u20ac<br \/>\u2022 Organismes publics et parapublics (collectivit\u00e9 territoriale, EPCI, syndicats\u2026)\u00a0: 200 \u20ac\u2028<br \/>\u2022 Etablissements scolaires longlavillois : 50 \u20ac<br \/>\u2022 Etablissements scolaires ext\u00e9rieurs : 200 \u20ac<br \/>\u2022 Associations et \u00e9coles longlavilloises : Premi\u00e8re utilisation gratuite<\/p>\n<p><strong>A rajouter au prix de location\u00a0:<\/strong><br \/>\u2022 Forfait charges HIVER (1er octobre au 31 mars) : 50 \u20ac<\/p>\n<p>&nbsp;<\/p>\n<p><span style=\"color: #000000;\"><a href=\"http:\/\/www.longlaville.fr\/wp-content\/uploads\/2022\/10\/Re\u0300glement-petite-salle-Alexei\u0308-Leonov.pdf\"><\/a><strong><a href=\"http:\/\/www.longlaville.fr\/wp-content\/uploads\/2022\/10\/Re\u0300glement-petite-salle-Alexei\u0308-Leonov.pdf\">T\u00e9l\u00e9charger le r\u00e8glement de la salle (pdf)<\/a><br \/><\/strong><\/span><\/p>\n<p><em><span style=\"color: #bb1818;\"><strong><\/strong><\/span><\/em><\/p>\n<p>[\/et_pb_toggle][et_pb_text _builder_version=&#8221;4.18.0&#8243; _module_preset=&#8221;default&#8221; global_colors_info=&#8221;{}&#8221;]<\/p>\n<p><strong>Pour plus de renseignements, vous adresser \u00e0 l\u2019accueil de la mairie, par mail \u00e0\u00a0: <a href=\"mailto:accueil@longlaville.fr\">accueil@longlaville.fr<\/a> ou par t\u00e9l\u00e9phone au 03 82 24 50 96.<\/strong><\/p>\n<p>[\/et_pb_text][\/et_pb_column][\/et_pb_row][\/et_pb_section]<\/p>\n","protected":false},"excerpt":{"rendered":"<p>Location de salleLa Ville de Longlaville met \u00e0 disposition la salle Alexe\u00ef LEONOV situ\u00e9e rue des Victimes du nazisme pour f\u00eater vos diff\u00e9rents \u00e9v\u00e8nements. Deux salles peuvent \u00eatre lou\u00e9es :\u2022 La grande salle d\u2019une capacit\u00e9 de 130 personnes avec cuisine\u2022 La petite salle d\u2019une capacit\u00e9 de 30 personnes sans cuisineTarifs : 2 ch\u00e8ques de caution [&hellip;]<\/p>\n","protected":false},"author":2,"featured_media":0,"parent":29,"menu_order":0,"comment_status":"closed","ping_status":"closed","template":"","meta":{"_et_pb_use_builder":"on","_et_pb_old_content":"","_et_gb_content_width":"","footnotes":""},"class_list":["post-33","page","type-page","status-publish","hentry"],"_links":{"self":[{"href":"https:\/\/www.longlaville.fr\/index.php?rest_route=\/wp\/v2\/pages\/33","targetHints":{"allow":["GET"]}}],"collection":[{"href":"https:\/\/www.longlaville.fr\/index.php?rest_route=\/wp\/v2\/pages"}],"about":[{"href":"https:\/\/www.longlaville.fr\/index.php?rest_route=\/wp\/v2\/types\/page"}],"author":[{"embeddable":true,"href":"https:\/\/www.longlaville.fr\/index.php?rest_route=\/wp\/v2\/users\/2"}],"replies":[{"embeddable":true,"href":"https:\/\/www.longlaville.fr\/index.php?rest_route=%2Fwp%2Fv2%2Fcomments&post=33"}],"version-history":[{"count":14,"href":"https:\/\/www.longlaville.fr\/index.php?rest_route=\/wp\/v2\/pages\/33\/revisions"}],"predecessor-version":[{"id":508,"href":"https:\/\/www.longlaville.fr\/index.php?rest_route=\/wp\/v2\/pages\/33\/revisions\/508"}],"up":[{"embeddable":true,"href":"https:\/\/www.longlaville.fr\/index.php?rest_route=\/wp\/v2\/pages\/29"}],"wp:attachment":[{"href":"https:\/\/www.longlaville.fr\/index.php?rest_route=%2Fwp%2Fv2%2Fmedia&parent=33"}],"curies":[{"name":"wp","href":"https:\/\/api.w.org\/{rel}","templated":true}]}}