{"id":32,"date":"2022-10-12T09:33:55","date_gmt":"2022-10-12T07:33:55","guid":{"rendered":"http:\/\/longlaa.cluster030.hosting.ovh.net\/bf229748-ovh\/index.php\/demarches\/urbanisme\/"},"modified":"2022-10-20T11:14:09","modified_gmt":"2022-10-20T09:14:09","slug":"urbanisme","status":"publish","type":"page","link":"https:\/\/www.longlaville.fr\/?page_id=32","title":{"rendered":"Urbanisme\u2028"},"content":{"rendered":"<p>[et_pb_section fb_built=&#8221;1&#8243; _builder_version=&#8221;4.18.0&#8243; _module_preset=&#8221;default&#8221; custom_padding=&#8221;150px|||||&#8221; global_colors_info=&#8221;{}&#8221; theme_builder_area=&#8221;post_content&#8221;][et_pb_row _builder_version=&#8221;4.18.0&#8243; _module_preset=&#8221;default&#8221; global_colors_info=&#8221;{}&#8221; theme_builder_area=&#8221;post_content&#8221;][et_pb_column type=&#8221;4_4&#8243; _builder_version=&#8221;4.18.0&#8243; _module_preset=&#8221;default&#8221; global_colors_info=&#8221;{}&#8221; theme_builder_area=&#8221;post_content&#8221;][et_pb_text _builder_version=&#8221;4.18.0&#8243; _module_preset=&#8221;default&#8221; custom_margin=&#8221;||0px||false|false&#8221; global_colors_info=&#8221;{}&#8221; theme_builder_area=&#8221;post_content&#8221;]<\/p>\n<h1>Urbanisme<\/h1>\n<p>[\/et_pb_text][et_pb_divider color=&#8221;#006D7B&#8221; divider_weight=&#8221;6px&#8221; _builder_version=&#8221;4.18.0&#8243; _module_preset=&#8221;default&#8221; custom_margin=&#8221;0px||||false|false&#8221; global_colors_info=&#8221;{}&#8221; theme_builder_area=&#8221;post_content&#8221;][\/et_pb_divider][et_pb_text _builder_version=&#8221;4.18.0&#8243; _module_preset=&#8221;default&#8221; hover_enabled=&#8221;0&#8243; global_colors_info=&#8221;{}&#8221; theme_builder_area=&#8221;post_content&#8221; sticky_enabled=&#8221;0&#8243;]<\/p>\n<p><strong>Le service Urbanisme de la ville est ouvert tous les jours pendant les horaires d\u2019ouverture de la mairie.<\/strong><\/p>\n<p><strong>Vous pouvez \u00e9galement vous renseigner par mail via cette adresse : <a href=\"mailto:urbanisme@longlaville.fr\">urbanisme@longlaville.fr<\/a><\/strong><\/p>\n<p><strong>ou par t\u00e9l\u00e9phone au 03 82 24 50 96.<\/strong><\/p>\n<p>Nous vous invitons \u00e9galement \u00e0 consulter le site du gouvernement : <strong><a href=\"https:\/\/www.service-public.fr\/particuliers\/vosdroits\/N319\">https:\/\/www.service-public.fr\/particuliers\/vosdroits\/N319<\/a><\/strong><\/p>\n<p>Pour plus de pr\u00e9cisions ou pour t\u00e9l\u00e9charger les formulaires de d\u00e9claration (Certificat d&#8217;urbanisme, d\u00e9claration pr\u00e9alable de travaux (DP), permis de construire, permis d\u2019am\u00e9nager, permis modificatif d&#8217;un permis de construire ou d&#8217;am\u00e9nager, permis de d\u00e9molir, transfert d\u2019un permis de construire ou d\u2019am\u00e9nager, contestation d&#8217;une autorisation d&#8217;urbanisme, taxe d&#8217;am\u00e9nagement (TA), assainissement des eaux us\u00e9es domestiques\u2026)<\/p>\n<p>[\/et_pb_text][\/et_pb_column][\/et_pb_row][\/et_pb_section]<\/p>\n","protected":false},"excerpt":{"rendered":"<p>UrbanismeLe service Urbanisme de la ville est ouvert tous les jours pendant les horaires d\u2019ouverture de la mairie. Vous pouvez \u00e9galement vous renseigner par mail via cette adresse : urbanisme@longlaville.fr ou par t\u00e9l\u00e9phone au 03 82 24 50 96. Nous vous invitons \u00e9galement \u00e0 consulter le site du gouvernement : https:\/\/www.service-public.fr\/particuliers\/vosdroits\/N319 Pour plus de pr\u00e9cisions [&hellip;]<\/p>\n","protected":false},"author":2,"featured_media":0,"parent":29,"menu_order":0,"comment_status":"closed","ping_status":"closed","template":"","meta":{"_et_pb_use_builder":"on","_et_pb_old_content":"","_et_gb_content_width":"","footnotes":""},"class_list":["post-32","page","type-page","status-publish","hentry"],"_links":{"self":[{"href":"https:\/\/www.longlaville.fr\/index.php?rest_route=\/wp\/v2\/pages\/32","targetHints":{"allow":["GET"]}}],"collection":[{"href":"https:\/\/www.longlaville.fr\/index.php?rest_route=\/wp\/v2\/pages"}],"about":[{"href":"https:\/\/www.longlaville.fr\/index.php?rest_route=\/wp\/v2\/types\/page"}],"author":[{"embeddable":true,"href":"https:\/\/www.longlaville.fr\/index.php?rest_route=\/wp\/v2\/users\/2"}],"replies":[{"embeddable":true,"href":"https:\/\/www.longlaville.fr\/index.php?rest_route=%2Fwp%2Fv2%2Fcomments&post=32"}],"version-history":[{"count":2,"href":"https:\/\/www.longlaville.fr\/index.php?rest_route=\/wp\/v2\/pages\/32\/revisions"}],"predecessor-version":[{"id":116,"href":"https:\/\/www.longlaville.fr\/index.php?rest_route=\/wp\/v2\/pages\/32\/revisions\/116"}],"up":[{"embeddable":true,"href":"https:\/\/www.longlaville.fr\/index.php?rest_route=\/wp\/v2\/pages\/29"}],"wp:attachment":[{"href":"https:\/\/www.longlaville.fr\/index.php?rest_route=%2Fwp%2Fv2%2Fmedia&parent=32"}],"curies":[{"name":"wp","href":"https:\/\/api.w.org\/{rel}","templated":true}]}}